. Suppose 0 = -q - 3 + 3. Let l = q - c. What is the units digit of l?
6
Suppose -2*w + 14 + 6 = 4*v, 4*w - 36 = -4*v. Suppose 0 = -2*l + w + 14. What is the tens digit of l?
1
Let w = 36 + -32. Suppose w*j = 4 + 8. Suppose m - 3*v - 57 = 0, -4*m + 5*v = j*v - 208. What is the tens digit of m?
5
Let x(w) = -8*w - 4. Let d be x(-3). Suppose 3*b = 65 - d. Let l = -6 + b. What is the units digit of l?
9
Suppose -5*t + 11*b = 14*b - 13815, -4*t + 11050 = 2*b. What is the thousands digit of t?
2
Let l = -10 - -9. Let x(f) = 12*f**2. Let g be x(l). Suppose -c + 8 = -g. What is the units digit of c?
0
Suppose 5 = 2*a + 5*x, -2*x = 3*a + a - 2. What is the tens digit of (-115)/(-5) - a - 4?
1
Suppose -3*y + 12 = y. Suppose 4*c - 4*n - 230 = -n, 0 = y*c - 5*n - 178. What is the tens digit of c?
5
Let h be (-9)/(-3) - (-9 - 5). Suppose 0 = -h*o + 22*o - 40. What is the units digit of o?
8
Suppose 272 = -4*b + 8*b - 4*o, 4*b - 296 = -2*o. Suppose 0 = 41*d - 24*d - 51. Suppose d*t - 39 = b. What is the tens digit of t?
3
Suppose -107836 = -26*r - 40288. What is the hundreds digit of r?
5
Suppose -14 - 10 = -2*v. Suppose -v = -0*t + 2*t. What is the tens digit of (-5 - t)/((-2)/(-46))?
2
Suppose -5*u - 5*j + 93 = -3*j, 5*u + 3*j = 97. What is the tens digit of u?
1
Suppose 0 = n - 13 + 2. Suppose 0 = -7*g + 115 + n. What is the tens digit of g?
1
Suppose 2*s = s + 4. Suppose 3*i - 5 + 81 = -s*m, -i = -3*m + 8. Let b = -9 - i. What is the units digit of b?
1
Let k be 7/35 + 58/(-10)*-1. What is the units digit of ((-40)/k)/(18/(-594))?
0
Let k = -8 - -46. Let x = k + -18. What is the tens digit of x?
2
Let k = -115 + 63. Let m = 96 + k. What is the tens digit of m?
4
Suppose 14520 = -6*c + 10*c. What is the units digit of c?
0
Suppose 9*a - 3031 = 2153. Suppose 15*x = 6*x + a. What is the tens digit of x?
6
Suppose -3*z - 3*w + 4*w - 14 = 0, 4*z = w - 17. Let v be (z - -2)*1*-9. What is the units digit of 1*(-3)/v*-129?
3
Let j(o) = -o**2 - 3*o + 3. Suppose -27 = -0*v + 4*v + 3*f, 4*f + 20 = 0. Let t be j(v). Suppose -4*r + 1 = -t*r. What is the units digit of r?
1
Let a = 16 - 10. Let p = 20 - a. Suppose 8*d - p*d = -186. What is the units digit of d?
1
Let t be ((-15)/6 - -2)*0 - 0. Suppose t = -2*o - 4, 2*j - 2*o - 182 = -0*o. What is the units digit of j?
9
Let p be (-2 + 3)/((-2)/(-72)). Suppose -i = 5*z - 1, -5*z + 4*i = -p + 15. What is the units digit of z?
1
Suppose 0 = 5*a - 47 - 98. Let x = -28 + a. Suppose x = 2*b - 3. What is the units digit of b?
2
Let f(r) = -r**3 - 13*r**2 - r - 8. Let g be f(-13). Suppose -g*h - n - 2*n = 12, 3*n - 15 = 4*h. What is the tens digit of 5/15 - 65/h?
2
Let h(j) = -20*j - 103. What is the units digit of h(-18)?
7
Let y = -435 + 769. What is the units digit of y?
4
What is the hundreds digit of 14/182 + (-20746)/(-26)?
7
Let r(f) = f**3 - 41*f**2 - 216*f - 34. What is the units digit of r(46)?
0
Suppose 2*l - 317 = -63. What is the hundreds digit of l?
1
Suppose 120*l - 122*l + 30 = 0. Let x(s) = -2*s**2 + 41*s - 11. What is the tens digit of x(l)?
5
Let g = -2057 - -3009. What is the hundreds digit of g?
9
Suppose -j - 5*f + 1005 = 230, 2*f - 769 = -j. What is the hundreds digit of j?
7
Suppose 10*j = -94 - 26. What is the units digit of -1 + 1 + (j - -61)?
9
Let h be 1/(5/5200) - 0. What is the tens digit of ((-6)/5)/((-39)/h)?
3
Let o = 1213 - 732. What is the hundreds digit of o?
4
Suppose -2*t = s - 31 - 468, 3*t - 2481 = -5*s. What is the tens digit of s?
9
Let g be ((6 + 3)/1)/((-6)/52). Let u = -33 - g. What is the units digit of u?
5
What is the units digit of 675 + 3 + -6 + 4?
6
Suppose -3451 + 79 = -6*p. What is the hundreds digit of p?
5
Let i(o) = -o**2 - 6*o - 8. Let g be 6/(1 + (-20)/8). Let z be i(g). Suppose z = q - 6 - 45. What is the units digit of q?
1
Let t(x) = 2*x**2 + 11*x + 7. Let n be t(-8). Let i = 6 - 6. Suppose 2*w - n = -i*w + 5*b, 12 = -4*b. What is the units digit of w?
6
Let g(p) = p**2 + 13*p + 14. Let a be g(-12). Suppose -u + 3*s + 251 = 0, -2*u = u - a*s - 788. What is the units digit of u?
6
Let d(t) = t**3 + 3*t**2 - t - 1. Let r be d(-3). Let h = -13 - r. Let m = 9 - h. What is the tens digit of m?
2
Let u(r) = 59*r + 13. Let a be u(-6). Let v = -56 - a. What is the hundreds digit of v?
2
Let t(l) = l**2 + 15*l - 30. What is the tens digit of t(10)?
2
Suppose 4*j - 4364 = -3*z - j, 0 = 5*z + 3*j - 7252. What is the hundreds digit of z?
4
Suppose -3*q = -3, -860 = 4*y + 4*q - 2128. Suppose -5*v + 2 + 3 = 0, 5*r - 4*v - y = 0. What is the tens digit of r?
6
Let j(z) = -z**3 - 24*z**2 + 26*z + 29. Let i be j(-25). What is the hundreds digit of (i/10)/((-16)/(-4720))?
1
Let l = -642 - -1050. Suppose s + l = 4*s. Suppose -4*w - o = -9*w + s, -85 = -3*w + 4*o. What is the units digit of w?
7
Suppose 23 = 3*d + 4*g, 0 = -5*d - 5*g + 4*g + 61. Suppose 0*p = 4*p + 80. Let u = d - p. What is the tens digit of u?
3
Suppose -3*k + u - 314 = 0, 2*k - 3*u = 53 - 260. Let g = -53 - k. What is the tens digit of g?
5
Suppose 0 = -5*a - 4*q + 10815, 4*a = -30*q + 35*q + 8611. What is the hundreds digit of a?
1
Let h(n) = -3*n**2 - 18*n - 3. Let r be (-3*(-4)/(-36))/((-1)/(-15)). What is the units digit of h(r)?
2
Let y(x) be the second derivative of -9*x**5/20 + x**3/6 - x**2 + 2*x. Let l be y(1). Let g = l + 15. What is the units digit of g?
5
Suppose 575 + 55152 = 19*z. What is the thousands digit of z?
2
Suppose 0 = -5*j + 4*q + 22, -j = -q - 3 - 2. Suppose 0 = j*c + 106 - 358. What is the tens digit of c?
2
Suppose 20*d + 195 = 2395. What is the units digit of d?
0
Suppose 2*f + 392 = 6*f. Suppose 5*u + 3*c = 324, 2*u - 2*c - f = 38. What is the units digit of u?
6
Suppose 0 = -27*r + 103*r - 110656. What is the hundreds digit of r?
4
Let j(s) = s**2 - 5*s + 11. Let t be j(11). Suppose -5*p = 3*u - t, -3*u + p = -58 - 13. What is the units digit of u?
4
Let s(f) = 4*f**3 + 5*f**2 + 10*f - 31. What is the units digit of s(4)?
5
Let u = 401 - 183. What is the units digit of u?
8
Suppose 1898 = 8*w - 142. What is the tens digit of w?
5
Suppose -5*p = -12 + 2. Suppose -p*k + 12 = 6. What is the units digit of -3*(-1 + -2)/k?
3
Suppose 2 - 10 = -4*a. Let j(z) = z**2 - 8 + 0*z**2 + z + a*z + 0*z**2. What is the units digit of j(-8)?
2
Let x = -126 + 131. Suppose 30 = b + 4*h - 5*h, -x*b + 2*h = -150. What is the units digit of b?
0
Let r = 2063 - 73. What is the tens digit of r?
9
Let k = -470 - -1005. What is the units digit of k?
5
Let v = 386 - -100. What is the hundreds digit of v?
4
Suppose 33*q = 12*q + 16086. What is the tens digit of q?
6
Let i = -343 - -696. What is the tens digit of i?
5
Suppose 2*h - h - 5*d = 35, 0 = -2*h + d + 25. What is the units digit of h?
0
What is the tens digit of 4 + -12 + 343 + 3 + 0?
3
Let h(a) = -42*a - 8. Let d be h(-7). Let c(m) = -m**2 - 13*m - 6. Let g be c(-9). Suppose -4*p + 207 = -3*s, 5*p - s = d - g. What is the units digit of p?
1
Let t(g) = -g**3 + 16*g**2 + 18*g - 13. Let q be t(17). Let b(r) = -r**3 + 3*r + 0*r - q - r**2 + 2 - r. What is the tens digit of b(-4)?
3
Let w be (-3 + -1)*2/(-4). What is the tens digit of (-2002)/(-35) - w/10?
5
Let j(y) be the third derivative of -y**6/120 - y**5/15 - 5*y**4/12 - y**3/2 + 7*y**2. What is the units digit of j(-5)?
2
What is the hundreds digit of 827 + (-5)/(-11 - -1)*-8?
8
Suppose 46 = 3*j - 8. Suppose -12 - j = -5*k - 4*u, 4*u = 4*k - 60. What is the units digit of k?
0
Suppose 5*a - 575 = -2*s + 272, -3*s + 5*a + 1208 = 0. What is the tens digit of s?
1
Let j be (-1)/2 + 5/2. Suppose -j*p = -4*c + 424, c = -0*p + 5*p + 97. What is the tens digit of c?
0
Let u(i) = -i**3 - 7*i**2 - 6*i + 5. Let c be u(-6). What is the tens digit of (-6)/(-15) + 418/c?
8
Let l be (2382/4)/((-6)/(-16)). What is the tens digit of l/22 + 1/(33/(-6))?
7
Let n = 124 + -121. Suppose 3*w + 1595 = 5*j, -n*j + w + 183 = -774. What is the units digit of j?
9
Let u be ((-2)/(-4))/((-6)/(-24)). Let w be (2 + -4)/(u/(-65)). Suppose k - w = -4*k. What is the tens digit of k?
1
Let j(b) = b + 22. Let d be j(12). Let w = d - -82. What is the units digit of w?
6
Let p = -298 - -444. Suppose x + 5*t - 93 = -8, 2*x - p = -4*t. What is the units digit of x?
5
Suppose -15*r - 3*r + 12204 = 0. What is the tens digit of r?
7
Let 